 + -26 - -1)?
-68
Calculate (33 - 36) + -9 + 29 + -8.
9
Evaluate 14 - (25 + 25 + 9 + (8 - -2)).
-55
What is 24 + 31 - 77 - 81?
-103
What is the value of 48 - ((-33 - 13) + 142)?
-48
Evaluate (-30 - -68) + -29 + (-4 - 42).
-37
Evaluate 20 - ((333 - 218) + (-2 - 23)).
-70
-105 + -5 + 3 + (-3 - -7) + -5 + -10
-118
Evaluate 2 + -13 - (0 + (20 - 16) - -30).
-45
Evaluate -69 + -224 + 251 + 2 + -13.
-53
Calculate -2 + 13 + ((4 - 1) + -23 - 4 - 22).
-35
What is -13 - -8 - ((3 - (-3 - -6)) + 58 + -9)?
-54
33671 - 33706 - (0 + (29 - -1))
-65
Calculate 35 - 67 - (27 + -16).
-43
What is 79 + -52 + -62 + 59?
24
Calculate 32 + -2 + (55 - 80 - (-10 + -5)).
20
What is -64 - 165 - (-89 + -38)?
-102
Calculate 1 - -3 - (4 + 8 - (72 + -6 + 27)).
85
-19 + -2 + (-52 - -54) - (10 - 3)
-26
What is 122 - (-15 - (-154 + 155))?
138
What is the value of 40 + -78 + 79 + 30?
71
Calculate 366 - 311 - (26 + -1).
30
-10371 + 10370 - (2 + 15 + 0 + 1)
-19
-46 - (-67 + 47 + 16)
-42
Evaluate 129 - (15 + -1 + (8 - 16) - -5) - -7.
125
Calculate (8 - (21 + -25 + (-22 - -35))) + 1 + -13.
-13
-9 + -22 - (-7 + 13) - 15
-52
What is the value of -50 - ((-1 - (25 + (9 - 18))) + 9)?
-42
Calculate (-134 - -93) + (19 - (2 - 4)).
-20
Calculate -21 - (-16 + 13 + -15) - 20.
-23
What is the value of -78 + 101 - (13 - (2 + -1 + 1))?
12
Calculate -110 + 131 - (5 - 1) - 39.
-22
Evaluate -729 - -705 - (-21 - -2) - (21 - 2 - 2).
-22
Evaluate (31 - (-35 - -108)) + 10.
-32
What is 15 - (-41 + 58 - -3)?
-5
Evaluate -6 + 15 + -20 + -7 - -33.
15
Evaluate -20 + 10 + (31 - -12) + 33.
66
Evaluate (-35 - (-4 + 3 + 7)) + (2 - 2) + 3.
-38
Calculate (-59 - -58) + (-3 + 7 - 1) - 51 - -8.
-41
What is 181 - (-56 - (-265 - -109))?
81
What is the value of (23 + 121 - 25) + -163?
-44
Calculate -50 - (-3 + (74 - 127)).
6
Evaluate 99 + -76 + (-39 - -66).
50
What is (51 - 0) + 24079 + -24101?
29
Calculate 11 - (-17 + 9 + 41) - 28.
-50
What is 88 + -2 + (-13 - -12) - 14 - -6?
77
What is the value of (30 - 10) + -21 - -1?
0
What is the value of 74 + -44 + -4 + -6?
20
-55 + 41 - ((-7 - -6) + -4 - 3)
-6
(-9 - (-1 - 0)) + 67 + -265 + 178
-28
What is the value of 72 + (-43 - -61 - 39)?
51
What is (-12 + 2 - -12) + -10 + -18?
-26
Evaluate (6 - (31 + -10) - 8) + 2 + 7.
-14
What is the value of (55 - (-1 + 1)) + (-650 - -666) + 13?
84
What is 7 + (1 - -3) - (-80 + (-62 - -55))?
98
What is the value of -26 - (1 - -1) - (1 - 1) - (7 + 0)?
-35
What is (-12 + 10 + 16 - 18) + 3 + -50?
-51
What is 103 + (-1 + -1 - (17 + 0 + (-71 - -65)))?
90
Calculate -111 + -47 + 55 + 12.
-91
Evaluate 0 + 8 + (-18 + 4 - 13) + 20 - 10.
-9
-3 + 1 - 8 - (-206 - -183)
13
Evaluate 52 - (140 - 92 - 106).
110
What is the value of 21 - 3 - (-18 + 21 + (13 - 17))?
19
What is 5 - (-9 + (4 - (-10 + 2)) + 0) - 31?
-29
What is the value of 469 + -472 - (-7 + -21 + -1)?
26
What is the value of (29 - 62 - (-9 - 13)) + -54 + 1?
-64
What is the value of 34 + -2 + -13 + -14 + -63?
-58
(14 - -1) + (3 + -13 - 1) + 3 + 36
43
What is (44 + -78 - -30) + 53?
49
What is -14 + ((-88 - (-25 - -11)) + 0 - -4)?
-84
What is 8 + 0 + -9 + 9 + -1 + 0?
7
(-1 + 11 - (265 - 277)) + 21
43
Calculate 1 - 33 - (-81 - -32 - -58).
-41
What is the value of 15 + (-10 - 1 - -33 - (-15 + 0))?
52
Calculate 18 + 4 - (-91 + 104 - (2 + 10)).
21
Evaluate 46 + (4 - (12 + 44)).
-6
-12 - 54 - -74 - ((-3 - 1) + 26)
-14
(1 - 20) + -12 + -14 + 16 + 103
74
Evaluate (384 + -377 - (0 + (-3 - -4 - 3))) + 34.
43
(27 + -19 - -18) + (4 - 1)
29
-50 + (24 - 72) + 191
93
Calculate 40 + (-3 - -4) + -7 - (-17 + (1 - -5)).
45
What is the value of -146 + 213 - (12 + -4)?
59
Evaluate (-11 - -2) + (-23 - -55) + -20.
3
(164 + -2 - 168) + -89
-95
57 - (-1 + 12 + 15)
31
Calculate (-5 - (-13 - -13 - -1)) + (1 - -3) + 34.
32
What is the value of -45 + -47 - -28 - (-19 + 5)?
-50
(39 - (22 - 26)) + (-7 - -10 - 0)
46
Evaluate 5 + 49 - (-402 + 414).
42
24 + -7 - (-89 - (2 + -15))
93
What is the value of 1 + -123 - (-73 - (-317 + 233))?
-133
(13 - 6) + 66 - (-19 - -12)
80
Calculate (11 - (22 + -23)) + (12 - -1).
25
What is (15 - 0) + (-20 - -2) + (10 + -55 - -56)?
8
Calculate -3 - 36 - 3 - (-30 - (-64 - -43)).
-33
Evaluate (-40 + 27 - -40) + -32 - (-5 + -22).
22
Calculate -21 + -1 + 1 + 420 + -424 + (17 - 1).
-9
What is 0 - -10 - (9 - 88 - (82 - 93))?
78
What is the value of -2 + (0 + 15 - (-4 + 5)) - 49?
-37
Evaluate 1 + -8 + (-91 + 119 - -38).
59
What is (-1 + 2 - -8) + (42 + -43 + 12 - 18)?
2
Evaluate 53 + (2 - -107 - 94).
68
(-8 + -25 - -9 - -10 - 2) + 8 - 43
-51
What is the value of -11 - -4 - -52 - (40 + -50 + (-1 - -3))?
53
What is 2039 - 2048 - (1 - (4 + -40))?
-46
Calculate -53 + -19 - (31 - 15 - 49).
-39
41 - 14 - (13 + -2 - (-16 + 25))
25
What is 15 - ((-38 - -50) + (1 - 9)) - 12 - -15?
14
Calculate -2 + ((10 - 2) + -1 - 3) + 1 - 55.
-52
What is the value of (-42 - -46) + (-8 - (7 + -4)) - (103 + 7)?
-117
What is the value of 4 + 132 + -83 + (2 - -15) + 0 + -10?
60
What is 64 - (-22 + -15 + 74)?
27
What is 23 + (9 - 10) - 22 - 19?
-19
What is the value of 1 + -20 + 1 + 788 + -787 + -14?
-31
What is the value of (-176 - -201) + (2 - 0)?
27
What is the value of 12 + 88 - (14 - 10 - -10 - 3)?
89
(-12 - -1) + (1 - 0) + 19
9
Calculate (20 - 18) + (-3 - 16) - (-11 - -1).
-7
What is -755 + 760 + (49 - -1) - 6?
49
-1 - 124 - (-48 + -24)
-53
What is (-5 - (-4 - 1) - 21) + -833 + 824?
-30
Calculate -2 - -2 - 15 - (-41 - -18) - 84.
-76
Evaluate (-4 - 0) + -24 + 4346 + -4353.
-35
Calculate -64 - (5 + -23) - -13 - ((2 - 3) + 6).
-38
What is the value of (-21 - (-97 - 19 - -27)) + -26?
42
Evaluate 19 - 69 - (50 - 65).
-35
What is the value of -40 + (-29 - (52 + -98))?
-23
Calculate -3 + 21 + 0 - (-105 + 125) - (47 + -1).
-48
What is the value of 0 + 0 - -34 - (556 - 512)?
-10
Calculate 10 + (3 - (61 + (8 - -6 - 10))).
-52
Calculate -1 + 41 + (3 - -2) - 96.
-51
Calculate 132 + 98 + -157 + 1 + 5 + -1.
78
Calculate (91 - (38 - 25)) + (-1 - 0) - (-9 + -3).
89
-213 + 139 + -141 + 159
-56
-30 + 3 + -17 - (7 + (-7 - -9))
-53
-4 - 0 - (-62 - -54) - (-22 - 61 - -17)
70
What is the value of -49 + -5 - (-154 - -38)?
62
What is the value of (-34 - -39) + -30 + 4 - -110?
89
Calculate 103 + -72 - (-10 - (4 + 1)).
46
6 + (-22 - ((11 - 5) + -12)) - -11
1
What is the value of (13538 - 13511) + (-1 - (0 + 19))?
7
Evaluate -1 + -43 - (76 + -45 + -51).
-24
10 + (-26 - -7) - 12
-21
What is (-3 - (8 + -4 - -1)) + -66 + 10 + 15?
-49
What is (-30 - -43) + -29 + -11 + -4?
-31
What is (-103 - (-8 + 11 + -10)) + (49 - 32)?
-79
Evaluate -3 + -77 + -19 + (16 + -15 - -2).
-96
What is (60 - (29 - 68) - 23) + -38?
38
What is ((-1 - 7 - -1) + -503 + 520 - 12) + 99?
97
What is (-45 + 46 + (-3 - 1) - (-184 - -43)) + -10?
128
Evaluate -5 + 5 - (10 + -45 + 32) - (-11 - 1).
15
Evaluate (-113 - 22) + -6 + 107.
-34
Calculate (-2 - -4 - -3) + (97 - 59) + -2.
41
What is -4 + -6 + 36 + -1 + 11 + 3?
39
What is the value of 45 + (-1 - (148 - 65))?
-39
What is the value of (1 - -14) + 152 + -21 + -117?
29
Calculate 58 - 63 - (1 + 130) - (-345 + 341).
-132
Evaluate (-1 - -4 - 4) + (-147 - -130).
-18
What is the value of -10 + 0 + 0 - (-52 - 2 - (-2 - -18))?
60
Evaluate -5 + 19 - -37 - (22 - 0).
29
What is -46 + (19 - (50 + -98))?
21
Calculate 5 + (58 - 56) - 60.
-53
Calculate (0 - 24) + (50 + -182 - -155).
-1
Evaluate 790 - 858 - (-72 + 0).
4
Evaluate -38 + 143 - (37 + 23).
45
What is the value of (2301 - 2259) + 2 + -118?
-74
What is the value of 14 + -3 - ((-14 - 61) + (0 - -12) - -15)?
59
What is (-35 - (-155 + 69)) + -11?
40
(-83 - 5) + 282 + -254
-60
What is the value of -67 + (-74 - (-365 - -119))?
105
What is -11 - 0 - ((0 - 13) + -21 + 143 + -165)?
45
Evaluate 9 + -5 + 29 + (-47 - -8) + 59.
53
What is 21 + (-68 - (-6 + -22))?
-19
What is -63 - 2 - (319 + -462)?
78
39 - (16 - 31 - (8 + -32))
30
20 + -1 + (17 - (-35 + 50)) - 24
-3
What is -283 + 242 + (-6 + -3 - 0)?
-50
Evaluate 5 - (3 - 1) - 2 - (-737 - -791).
-53
What is -97 - (5 - (-10 + 87))?
-25
Evaluate 202 + -214 + (1 - -105) - (16 - 2).
80
(-19 - 66) + (-13 - 1 - (-11 + (3 - -3)))
-94
What is -13 + -49 + 35 + -26 + 17?
-36
Calculate 1 + 5 + -9 + (-25 - (-17 + -14)) + 93.
96
What is -13 + -2 + (-176 + 180 - -112)?
101
(53 - (0 + 2)) + -15 + 53 + -26 + -7
56
What is 161 - 165 - (2 + -97 + (1 - (11 + -4)))?
97
(-10 